est common factor of 1416 and 12?
12
Calculate the highest common divisor of 63 and 639.
9
What is the greatest common factor of 1313 and 65?
13
What is the highest common factor of 8236 and 174?
58
Calculate the greatest common divisor of 424 and 4187.
53
What is the greatest common divisor of 82 and 8938?
82
Calculate the highest common factor of 72 and 171.
9
What is the greatest common factor of 42 and 14301?
21
Calculate the highest common divisor of 15 and 105.
15
What is the highest common divisor of 99 and 243?
9
What is the greatest common divisor of 112 and 14?
14
Calculate the greatest common divisor of 28 and 4.
4
Calculate the greatest common divisor of 3683 and 29.
29
Calculate the highest common divisor of 122 and 5.
1
What is the greatest common divisor of 11723 and 19?
19
What is the highest common divisor of 62 and 4247?
31
What is the highest common divisor of 63 and 329?
7
Calculate the greatest common divisor of 900 and 135.
45
Calculate the highest common factor of 225 and 9.
9
Calculate the highest common factor of 144 and 4736.
16
What is the greatest common divisor of 1353 and 33?
33
What is the greatest common factor of 16 and 104?
8
What is the greatest common factor of 452 and 113?
113
What is the highest common divisor of 5 and 50?
5
Calculate the highest common factor of 1211 and 28.
7
Calculate the highest common factor of 294 and 98.
98
What is the greatest common factor of 19 and 57?
19
What is the highest common divisor of 55 and 8305?
55
What is the highest common factor of 840 and 98?
14
Calculate the highest common divisor of 29 and 1653.
29
What is the greatest common factor of 34 and 1088?
34
What is the highest common divisor of 1 and 233?
1
Calculate the highest common factor of 477 and 9.
9
Calculate the highest common divisor of 36 and 99.
9
What is the highest common factor of 812 and 168?
28
Calculate the greatest common factor of 279 and 45.
9
What is the greatest common divisor of 1863 and 138?
69
What is the greatest common factor of 2295 and 340?
85
Calculate the highest common divisor of 380 and 100.
20
What is the greatest common factor of 7600 and 38?
38
Calculate the highest common divisor of 559 and 26.
13
What is the greatest common divisor of 3 and 3291?
3
Calculate the highest common divisor of 55 and 15.
5
Calculate the greatest common divisor of 114 and 2356.
38
Calculate the highest common factor of 209 and 95.
19
Calculate the highest common factor of 1458 and 2862.
54
Calculate the highest common divisor of 83 and 664.
83
Calculate the highest common factor of 157 and 1256.
157
What is the highest common factor of 462 and 126?
42
What is the greatest common factor of 612 and 72?
36
Calculate the highest common factor of 19539 and 234.
117
Calculate the greatest common factor of 58093 and 301.
301
What is the greatest common factor of 39 and 169?
13
Calculate the highest common factor of 3 and 8.
1
Calculate the highest common divisor of 8 and 192.
8
Calculate the greatest common divisor of 182 and 104.
26
What is the greatest common divisor of 170 and 1530?
170
What is the highest common divisor of 9 and 1251?
9
What is the greatest common divisor of 58 and 3799?
29
What is the greatest common divisor of 1919 and 342?
19
What is the greatest common factor of 90 and 198?
18
What is the greatest common factor of 76 and 1178?
38
Calculate the greatest common divisor of 64 and 8000.
64
What is the highest common factor of 8376 and 24?
24
What is the highest common divisor of 423 and 47?
47
What is the highest common factor of 3237 and 78?
39
What is the highest common factor of 3 and 11793?
3
Calculate the highest common factor of 1155 and 15.
15
Calculate the greatest common factor of 102 and 12.
6
Calculate the highest common factor of 136 and 8.
8
Calculate the greatest common factor of 100 and 12.
4
What is the greatest common divisor of 128 and 48?
16
What is the highest common factor of 13529 and 163?
163
Calculate the greatest common divisor of 8 and 292.
4
Calculate the greatest common divisor of 325 and 988.
13
Calculate the highest common factor of 85 and 8755.
85
What is the greatest common divisor of 10 and 2970?
10
What is the highest common divisor of 11466 and 52?
26
What is the greatest common factor of 34 and 442?
34
What is the greatest common divisor of 432 and 80?
16
What is the highest common divisor of 4320 and 260?
20
What is the highest common factor of 208 and 72?
8
What is the highest common factor of 35 and 952?
7
Calculate the highest common divisor of 1512 and 552.
24
Calculate the greatest common factor of 24 and 88.
8
What is the highest common factor of 1024 and 640?
128
What is the greatest common factor of 81 and 9099?
27
What is the greatest common factor of 420 and 252?
84
Calculate the greatest common divisor of 318 and 4.
2
What is the greatest common divisor of 3424 and 32?
32
What is the highest common factor of 26 and 40157?
13
What is the highest common factor of 282 and 6956?
94
Calculate the highest common factor of 13 and 91.
13
Calculate the greatest common factor of 5 and 41645.
5
What is the greatest common divisor of 264 and 165?
33
Calculate the highest common factor of 342 and 18.
18
What is the greatest common factor of 1254 and 264?
66
What is the highest common factor of 10 and 1670?
10
Calculate the highest common factor of 330 and 110.
110
What is the highest common factor of 80 and 120?
40
What is the greatest common divisor of 22 and 1738?
22
Calculate the greatest common divisor of 138 and 1564.
46
What is the highest common divisor of 20475 and 189?
63
Calculate the greatest common factor of 294 and 126.
42
Calculate the greatest common divisor of 1458 and 54.
54
What is the highest common divisor of 130 and 117?
13
Calculate the greatest common factor of 340 and 220.
20
What is the highest common factor of 1974 and 376?
94
What is the greatest common factor of 880 and 2552?
88
What is the highest common factor of 42 and 266?
14
What is the greatest common divisor of 32 and 184?
8
Calculate the highest common divisor of 23 and 1035.
23
Calculate the greatest common factor of 18 and 222.
6
Calculate the highest common divisor of 6755 and 35.
35
What is the greatest common divisor of 810 and 690?
30
What is the highest common divisor of 49152 and 12?
12
Calculate the highest common factor of 183 and 61.
61
Calculate the highest common divisor of 4975 and 50.
25
What is the greatest common divisor of 20 and 3990?
10
What is the greatest common divisor of 1364 and 4?
4
Calculate the highest common factor of 42 and 18.
6
Calculate the highest common divisor of 66 and 9834.
66
What is the highest common divisor of 246 and 18?
6
What is the highest common factor of 2300 and 6670?
230
What is the highest common divisor of 990 and 30?
30
What is the greatest common divisor of 655 and 35?
5
Calculate the highest common factor of 144 and 9.
9
What is the highest common divisor of 405 and 162?
81
Calculate the greatest common factor of 16192 and 759.
253
What is the greatest common factor of 26 and 3536?
26
What is the greatest common divisor of 1960 and 80?
40
What is the highest common divisor of 403 and 26?
13
Calculate the greatest common divisor of 960 and 180.
60
Calculate the highest common divisor of 12878 and 1034.
94
Calculate the greatest common divisor of 4043 and 26.
13
Calculate the highest common factor of 178 and 3471.
89
What is the greatest common divisor of 10228 and 4?
4
Calculate the greatest common factor of 12 and 303.
3
What is the greatest common factor of 210 and 50?
10
What is the highest common divisor of 19 and 57?
19
What is the greatest common factor of 11025 and 900?
225
Calculate the highest common divisor of 22120 and 80.
40
Calculate the highest common divisor of 1372 and 28.
28
Calculate the greatest common factor of 84 and 504.
84
Calculate the greatest common factor of 3260 and 100.
20
Calculate the highest common factor of 818 and 4.
2
What is the highest common divisor of 4370 and 228?
38
Calculate the highest common factor of 114 and 8.
2
Calculate the greatest common factor of 6 and 111.
3
Calculate the greatest common factor of 18 and 18.
18
Calculate the highest common divisor of 252 and 315